 f*q - 12 = 26. List the prime factors of q.
19
Let p = -321 + 572. What are the prime factors of p?
251
Let p(w) = 16*w**2 + w - 1. Suppose -3*t + 11 = 5*l, -3*t - 4*l + 0*l + 10 = 0. Suppose u + t = 3*u. What are the prime factors of p(u)?
2
Let u = 117 - 45. What are the prime factors of u?
2, 3
Let x(n) = 2*n - 3 - 3*n + 2. Let a be x(-3). Suppose -r + 22 = -3*s + 75, 0 = -3*s + a*r + 58. List the prime factors of s.
2
Suppose 3*v = -3*v + 102. Let l(p) = -p**3 + 5*p**2 - p. Let i be l(4). Let b = v - i. What are the prime factors of b?
5
Suppose -6 = 2*f + 3*l, f - 3*l + 4*l + 2 = 0. What are the prime factors of (23 - 6) + (f - 2)?
3, 5
Let z(m) = 3*m**2 - 3*m - 1. Let u be z(3). Suppose 5 = -4*g + u. Suppose 9 = g*c - 3*h, c = -4*c + h + 31. What are the prime factors of c?
7
Suppose -3*n + 63 = 3*p, 2*p - 38 = 3*n - 4*n. List the prime factors of (-1 + -2 - -2) + p.
2
Let i(b) = 4*b**2 - 3*b + 3. What are the prime factors of i(9)?
2, 3, 5
What are the prime factors of (-135)/10*2/(-3)?
3
Suppose -f - y + 71 = 0, -f - 2*f - 4*y + 218 = 0. What are the prime factors of f?
2, 3, 11
Suppose 3*q - 2*w = 1, q - 8 = -4*w - 3. Let u be (1 + q - 2) + -1. What are the prime factors of 3 - (1 + u + 0)?
3
List the prime factors of 1*207 - (7 - 11/1).
211
Suppose 9 = l - 80. What are the prime factors of l?
89
Let m be ((-108)/(-10))/(5/25). Suppose -j + m = 2*j. Suppose -4*y + 2*k + 32 = -16, 3*k - j = -3*y. List the prime factors of y.
2, 5
Suppose 3*y + w - 55 = 0, 5*y + 2*w - 67 = 24. Suppose 5*j + y = 5*t - 56, j + 31 = 2*t. What are the prime factors of t?
2
Let b(h) = 7*h**3 - 24*h**2 - 28*h - 17. Let i(r) = 3*r**3 - 12*r**2 - 14*r - 9. Let m(j) = 2*b(j) - 5*i(j). List the prime factors of m(13).
2, 3
Let o(c) = c - 1. Let g(b) = -b**2 + 3*b + 3. Let k be g(3). Let p be o(k). Suppose -3*x + p*q + 21 = -13, 4*q + 4 = -2*x. What are the prime factors of x?
2
Suppose 0 = -3*s - 17 + 350. List the prime factors of s.
3, 37
Suppose 0 = h + h - 14. What are the prime factors of h?
7
Let j = 54 + -23. Let o = j - 19. List the prime factors of o.
2, 3
Let b = 26 - 8. Let j = b - -8. List the prime factors of j.
2, 13
Let m(n) = -7*n + 4. Let z be m(-3). Let i = z + -12. List the prime factors of i.
13
Let g(r) = 5*r + 13. Let n(x) = -14*x - 38. Let p(o) = -11*g(o) - 4*n(o). What are the prime factors of p(-7)?
2
Suppose 18*k = 19*k - 100. What are the prime factors of k?
2, 5
Let w(q) = 0*q + 9 + 3*q - 7. List the prime factors of w(4).
2, 7
Let a = 16 + -12. Suppose 4*j - 108 = -a*w - 0*j, -20 = -4*j. What are the prime factors of w?
2, 11
Let u(q) = 2*q - 5. Let n(c) = -c + 5. Let v(p) = -3*n(p) - 2*u(p). List the prime factors of v(-7).
2
Let h(g) be the first derivative of g**3/3 + g**2/2 + g + 1. List the prime factors of h(-4).
13
Suppose -5*a = -0*a + 5. Let d = a + 10. List the prime factors of d.
3
Let y = -5 - -5. What are the prime factors of 0 - (y - -1)*-13?
13
Suppose -h = 2*h - 3. Let f(z) = 2*z. Let g(d) = 4*d. Let n(i) = 13*f(i) - 6*g(i). List the prime factors of n(h).
2
Let u(w) = 7*w**2 + 5*w - 3. List the prime factors of u(3).
3, 5
Suppose -2*w = -4, 6*a + 2*w = a + 124. List the prime factors of a.
2, 3
Suppose -1303 = -5*v - 3*l, 4*v - 364 = -5*l + 681. What are the prime factors of v?
2, 5, 13
Let i = 981 - 700. List the prime factors of i.
281
What are the prime factors of (-2)/4 - 292/(-8)?
2, 3
Let c(g) = -4*g + 3. Let u be c(4). Let n = -8 - u. What are the prime factors of n?
5
What are the prime factors of ((-117)/(-6))/((-6)/(-4))?
13
Let y be (-2)/(-4) - (-3)/(-6). Suppose 2*b + 8 = 4*b. Suppose y = -w - b + 11. List the prime factors of w.
7
Let s(y) = 105*y + 11. List the prime factors of s(2).
13, 17
Let p = -43 + 225. What are the prime factors of p?
2, 7, 13
Suppose 4*o - 2 - 6 = 0. List the prime factors of o.
2
Let y be 198/10 + 2/10. Suppose -2*v + 2*f = -7*v + y, 2*f - 8 = v. Suppose -5*l - 5*d = -33 - 17, l = -3*d + v. List the prime factors of l.
2, 7
Let a(k) = 11*k**2 + 0 + 3*k - 10*k**2 + 8. What are the prime factors of a(-5)?
2, 3
Let h(l) = -l**3 - 3*l**2 + 2*l - 4. Let t be h(-4). Suppose -y + t*y - 69 = 0. What are the prime factors of y?
23
Let y(r) = 2*r**2 + 6*r + 2. What are the prime factors of y(-5)?
2, 11
Let p(k) be the second derivative of -k**5/10 - k**4/4 - k**3/3 - k**2 + 4*k. List the prime factors of p(-2).
2, 3
Let j = -32 + 39. List the prime factors of j.
7
Suppose -m = -2*t - t + 20, t + 15 = -4*m. Let b = -2 + t. Suppose -2*s - 2*s = -4*i - 8, 5*i + b*s = 22. What are the prime factors of i?
2
Let s be (-3)/(-3 + 2) + -3. What are the prime factors of -15*(s - (-6)/(-9))?
2, 5
Let q be -2*(-3)/6*0. Let w = q - -3. List the prime factors of 3/w + 2 + 5.
2
Let g = 108 + -18. List the prime factors of g.
2, 3, 5
Let x(w) = -w**3 + 4*w**2 + 6*w + 2. Let f be (-1)/6 + (-62)/(-12). List the prime factors of x(f).
7
Suppose 54 = -5*l - 201. Let r = -3 - l. What are the prime factors of r?
2, 3
Let z = 210 - 41. List the prime factors of z.
13
Let l be (-4)/14 + 107/7. Suppose -h + 21 = 2*t, 4*h + l = -0*t + t. What are the prime factors of t?
11
Suppose 4*m - 10 - 12 = -s, -4*m + 12 = -4*s. Suppose -126 = -5*j + 3*v, 0*j + s*v = -3*j + 68. What are the prime factors of j?
2, 3
Let u = -71 - -107. What are the prime factors of u?
2, 3
List the prime factors of (-164)/(-12) + (-2)/3.
13
What are the prime factors of (105/(-9))/(2/(-36))?
2, 3, 5, 7
Let t = -18 + 43. Let h = t + -11. List the prime factors of h.
2, 7
Let x(j) = j - 24. Let a be x(-12). List the prime factors of (84/a)/(1/(-3)).
7
Let y(l) = -3*l**2 + l - 2. Let d(b) = -4*b**2 + 2*b - 3. Let t(m) = -2*d(m) + 3*y(m). Let x be t(-5). Let v = x - -42. List the prime factors of v.
2, 11
Let a(b) = 2 - 3*b**2 + 2*b + b**3 - 3 + 2*b**2 + 0*b. List the prime factors of a(2).
7
Let j be (-4)/(-3) + (-444)/9. List the prime factors of (-10)/(-4)*j/(-15).
2
Let v(w) be the third derivative of 0 + 0*w - 1/6*w**4 - 1/60*w**5 - w**2 - 1/6*w**3. What are the prime factors of v(-2)?
3
Suppose 42 = a - 7. What are the prime factors of a?
7
Let i be 0 - 0*2/8. Suppose i = -3*v - 7 + 40. List the prime factors of v.
11
Let o = 44 - 22. Let i = o + -16. What are the prime factors of i?
2, 3
Let j(f) = 3*f. Let g be j(-4). List the prime factors of ((-15)/10)/(1/g).
2, 3
Suppose -6*w = -4*n - 3*w - 39, -5*n + 5*w = 45. Let o be ((-2)/6 + 1)*n. Let l = o - -14. What are the prime factors of l?
2, 3
Let h(w) = -73*w**3 - 2*w + 5. Let d(a) = -110*a**3 - 3*a + 8. Let n(q) = -5*d(q) + 8*h(q). What are the prime factors of n(-1)?
5, 7
Let r be (-10)/(-14) - 12/(-42). Let n = r - -5. List the prime factors of n.
2, 3
Suppose -2*l + 4*y - 8 = -30, 2*y = -10. List the prime factors of (-24 + 5)*(-1)/l.
19
Let a(q) = 12*q**3 - 3*q**2 + 3*q - 2. Let d be a(2). Suppose -5*o = -o - d. What are the prime factors of o?
2, 11
Let r(y) = 13*y - 7. List the prime factors of r(3).
2
Suppose 0 = 3*x - 6 - 6. Suppose x*j = 2*j + 38. List the prime factors of j.
19
Let d(r) = r + 5. Let l be 1 - 3/(-3) - -4. List the prime factors of d(l).
11
Let u(y) = 2*y**2 - 2*y - 1. Let c be u(-1). Let v be 6 + (-1 + 1)/c. List the prime factors of ((1 - 1) + v)/2.
3
Let f(u) = -u**3 + 5*u**2 - 5*u + 6. Let g be f(4). Suppose 0 = 5*k - g - 3. Suppose -r + 4 = -k. List the prime factors of r.
5
Let s(z) = -2*z + 20. What are the prime factors of s(-10)?
2, 5
Let w(t) = 0*t + 2*t + 3 + t. Let z be w(3). Let o(f) = f**2 - 10*f - 7. List the prime factors of o(z).
17
Let i be 168 - ((-18)/(-3))/2. Suppose 0 = 5*u - i + 40. List the prime factors of u.
5
Suppose 0 = 2*j + 10, -4 = 3*t + 3*j - 1. Suppose 0 = -p + t*p - 5*z + 34, 2*p - 14 = -4*z. What are the prime factors of 7 + p/((-9)/6)?
3
Let a(x) = 3*x + 78. List the prime factors of a(19).
3, 5
Let v(u) = u**3 - 6*u**2 - 5*u - 10. Let d be v(7). Suppose 5*c = 3*r + 103, -2*c - 2*c - d*r = -76. Let m = c + -10. List the prime factors of m.
2, 5
Suppose -4*z - 485 = -9*z. List the prime factors of z.
97
Let u be (1 - 1)/(2*1). Suppose -2*l + p - 5 = u, -3*p + 6 = -2*l - 5. List the prime factors of l + 3 + (-1 - -1).
2
Let k be (-194)/(-3) + (-5)/(-15). Suppose 0 = 2*r - 7*r + k. What are the prime factors of r?
13
Suppose